 4. What is k(v)?
-2
Let p(x) = x**3 + 11*x**2 - x - 6. Let m be p(-11). Suppose -m*f - 2*g - 40 = 3*g, 3*f - 5*g = 0. Let b(y) = 2*y + 0*y**2 + y**2 + 4*y - 1. Calculate b(f).
-6
Let w(o) = 6*o**2 + 46*o - 99. Let l(y) = 10*y**2 + 77*y - 166. Let d(j) = 7*l(j) - 12*w(j). Give d(-8).
2
Let m(v) = 3*v - 1. Let h(a) = 7*a - 1. Let t(w) = -6*h(w) + 15*m(w). Suppose 0 = -7*n - 6*n + 104. Determine t(n).
15
Let c(l) = -2*l + 3. Let d(h) = -3*h**2 + 56*h + 5. Let m be d(20). Let p = m - -78. Give c(p).
-3
Let g = -5059 + 5063. Let h(z) be the second derivative of 3/4*z**g - 1/20*z**5 + z**2 + 3*z + 0 - 1/6*z**3. Give h(9).
-7
Let w(s) = 12*s - 2. Let x(i) = 12*i**2 - 106*i - 9. Let y be x(9). Determine w(y).
106
Let n(t) = 3*t + 54. Let l be n(-17). Let y(s) = -2*s**2 + 3*s. Let a(d) = d**2 - 3*d. Let z(b) = l*a(b) + 2*y(b). Give z(-5).
-10
Let l(w) = 1 + 36958*w**2 - 2 - 36959*w**2 - 4*w. Let b be 2 + 2 + 40/(-4). Determine l(b).
-13
Let c(l) be the first derivative of l**5/60 - l**4/6 - l**3 - 5*l**2 + 195. Let r(g) be the third derivative of c(g). Give r(7).
10
Suppose m = -4*v + 3*m - 398, -499 = 5*v - 3*m. Let c = 101 + v. Let b(l) = 1 - 1 - 1 + 3 + 2*l. Calculate b(c).
8
Let x(v) be the second derivative of 0 - 1/12*v**4 - 97*v + 7/6*v**3 - v**2. What is x(6)?
4
Let q(w) = 2*w**3 - 2*w**2 - 2. Let n(m) = -m**3 + 4*m**2 + 5. Let k be n(4). Suppose 0 = o + k + 1. Let b be o*(-2)/18*3. Give q(b).
6
Let n(j) be the second derivative of -j**5/20 - j**4/4 + 28*j**3/3 + 10*j**2 - 4427*j. Determine n(-9).
2
Let g(i) = -2*i**2 + 140*i + 2. Let v(k) = 3*k**2 - 187*k - 2. Let a(u) = -4*g(u) - 3*v(u). Determine a(1).
-2
Let m be (-23)/20 + (-13 - 1008/(-70)). Let w(y) be the first derivative of 0*y**2 - 6*y + 7/3*y**3 + 17 - m*y**4. Calculate w(7).
-6
Let w(v) = -702 + 718 + 4*v + 7*v. Give w(-4).
-28
Suppose 2888 = -3*q + 2873. Let z(l) = 12*l - 23. Let i(o) = -7*o + 12. Let u(s) = q*i(s) - 3*z(s). Suppose 4*y = 5*k + 10, 2*k + k = -y - 6. Determine u(y).
9
Let a(m) be the second derivative of 5*m**3/3 + 4*m**2 + 2*m + 1652. What is a(-5)?
-42
Let f(b) = 8 + b + 2*b + 7 - 22 + 8. Let w = 89 - 93. Give f(w).
-11
Let j = 640 + -633. Let z(u) = 0 + 0 + 296*u - 595*u - u**3 + j*u**2 + 294*u. Determine z(4).
28
Let u(b) = 0 - 5*b + 4*b**2 - 3*b**2 - 2*b**2 - 2. Suppose -2*z = -5*f + 8, -8 = -2*f - 2*f + 2*z. Suppose 0 + 22 = -5*g + 2*p, f = -g - p - 10. Give u(g).
-8
Let l(j) = -j**2 - 8*j + 7. Let d(i) = -14 + 731*i - 715*i + 0*i**2 + 3*i**2. Let t(c) = 2*d(c) + 5*l(c). Determine t(9).
16
Let q(m) = -141*m**3 - 1. Suppose 0 = 33*s - 754 + 1459 - 738. Calculate q(s).
-142
Suppose -3*a = 56 + 49. Let b = -34 - a. Let n(s) be the second derivative of s**4/12 + s. Calculate n(b).
1
Let g = 6638 + -6615. Let q(m) = -2*m**3 + 46*m**2 - 4*m + 92. Determine q(g).
0
Let m = 42 - 49. Let w = -7 - m. Let v(j) = -4*j - 5. Let p(l) = -11*l - 16. Let q(i) = 3*p(i) - 8*v(i). Determine q(w).
-8
Let w(y) = y**3 + 9*y**2 - 4*y - 17. Suppose -23 = 3*v + 2*r, -2*v + 10*r = 11*r + 16. Give w(v).
19
Suppose -5*l = -14*l + 6*l. Let j(q) = -7*q + l*q**2 + 27*q - 1 - q**3 + 3*q**2 - 16*q. Calculate j(3).
11
Let o(p) = -2*p**3 - p**2 + p. Suppose 0 = -5*r - 7 + 17. Let j(m) = -9*m**2 - 37*m + 36. Let x be j(1). Let b be 0/x + r/2. Determine o(b).
-2
Suppose 0 = -5*q - 89 - 101. Suppose -3676*h + 3666*h = -350. Let g = h + q. Let v(j) = -j**3 - j**2 + 4*j - 1. What is v(g)?
5
Let v(q) = 3 + 6884*q - 162*q**3 - 7*q**2 + 163*q**3 - 6890*q. Determine v(8).
19
Let h(q) = -60*q + 784. Let i be h(13). Let b(s) = -6*s**2 + 12*s + 3. Give b(i).
-45
Let o(j) be the first derivative of -j**4/4 - 2*j**3/3 + 2*j**2 + 4*j + 1. Suppose 7*n = -7*n + 14. Let u(s) = 9*s - 12. Let i be u(n). Determine o(i).
1
Let g = -36927 + 36917. Let o(q) = -21*q - 236. Give o(g).
-26
Let d(t) be the second derivative of -t**3/3 - 25*t**2/2 - 1579*t. Give d(-16).
7
Let h(j) be the first derivative of -j**2 + 2*j - 3. Let o = -4236 + 4242. Determine h(o).
-10
Let j = -20 + 25. Let u(x) = x**3 - 5*x**2 - 4*x + 5. Let g(t) = t. Suppose -2*h - 8 = 4*m, -2*h + 6*h = -2*m - 10. Let o(w) = h*g(w) - u(w). What is o(j)?
5
Let j(c) = 4*c**2 - c + 3. Let l = 24 + -22. Let q(w) = 3*w**2 - w + 2. Let y(h) = l*j(h) - 3*q(h). Give y(4).
-12
Let x(b) be the second derivative of 2*b**3/3 + 3*b**2/2 + 2*b. Suppose 0 = 3*g + 8*g + 77. Let c be (-1)/(g/(-27)) + 40/(-280). Give x(c).
-13
Suppose -51 = -5*u - 16. Let d be u + (-185)/25 + 26/(-10). Let c(q) = -q**2 + 3*q + 4. What is c(d)?
-14
Let a(k) = -k - 19. Suppose 27*s + 6516 = -11196. Let l be 4/6 + s/48. Give a(l).
-6
Let o(l) be the second derivative of l**5/20 + 5*l**4/4 - l**3/3 - 51*l**2/2 - 8*l + 14. Calculate o(-15).
-21
Let k(z) = -54*z**2 - 46*z**2 - 55*z**2 - 6 + 31*z + 199*z**2 - 46*z**2. Give k(16).
-22
Let h(z) = 2*z**2 - 4*z + 6. Let a be h(2). Suppose -15 = -r + 4*y, r - a*r - y = -33. Let j(t) = -t + 2. Calculate j(r).
-5
Let k(x) be the second derivative of x**5/20 - x**4/2 - 5*x**3/6 - 3*x**2/2 + x + 64. Let y(h) = h**2 + 1. Let s(m) = k(m) + 4*y(m). Calculate s(4).
13
Let k(m) = -3*m**2 - 2*m**2 + 3*m**2 - 4*m + m**3 + 5*m**2. Let i(g) = g**3 - g**2 - 3*g + 3. Let b be i(-3). Let w be 3/1*(-25 - b). What is k(w)?
12
Let u(p) be the second derivative of p**3 - 10*p**2 - 17*p + 186. Give u(4).
4
Let f(j) = -j + 1. Let r be f(-2). Let m be (12/(-45)*-6)/(r/15). Let h(z) = -2836*z**2 + 7*z + 3*z - 3 - 7 + 2835*z**2. Calculate h(m).
6
Let w = 16 + -1. Let c = 17 - w. Let x(j) = 2 - 4 + 1 - 18*j**c + 13*j**2 - 4*j - j**3. Give x(-3).
-7
Let r(w) = -w + 0 - 1 + 0*w - w**3 + 6*w**2. Let x = -293 - -299. Calculate r(x).
-7
Let o(m) be the first derivative of 4*m - 37*m**2 + 35*m**2 + m - 23. Calculate o(5).
-15
Let m(l) be the third derivative of -13*l**4/24 - 7*l**3/3 - 170*l**2 + 1. Give m(-1).
-1
Suppose -6762*u - 45 = -6747*u. Let k(b) = b**3 + 2*b**2 - 3. Calculate k(u).
-12
Let o(j) = j**3 - 10*j**2 - 7*j + 10. Let z(y) = y**3 - y**2 + 1. Let w(t) = -o(t) + 2*z(t). Let l = -220 - -193. Let d = 20 + l. Determine w(d).
-8
Let u(q) = q**3 - 10*q**2 + q - 10. Let p(j) = 9*j + 1. Let s = -391 - -392. Let t be p(s). Give u(t).
0
Let s(j) = -104*j + 66. Let x(m) = -163*m + 100. Let b(o) = -22*s(o) + 14*x(o). Determine b(11).
14
Let x(q) be the first derivative of 21 - 46*q**2 + 5*q + 47*q**2 - 143 - 175. Give x(4).
13
Let m(g) = 13*g**3 - 7*g**2 - 10*g + 59. Let i(t) = 23*t**3 - 13*t**2 - 21*t + 115. Let r(u) = -4*i(u) + 7*m(u). Calculate r(4).
-7
Let p(v) = 78*v + 6. Let n(t) = 125*t + 10. Let c(r) = -5*n(r) + 8*p(r). Let o be (-14)/(-8) + (-2)/(-8). What is c(o)?
-4
Suppose -2*f + 21 + 11 = -4*c, -4 = c. Let t(v) = -v**3 + 8*v**2 - 10. Calculate t(f).
-10
Let a(k) = 3 + 0*k**2 - 4 - k**2. Let u(t) = 11*t**2 + t - 6. Let y be ((-84)/72 - -1) + (-7)/(-6). Let z(c) = y*u(c) - 5*a(c). Determine z(1).
16
Let p be (-2)/5 + 22/5. Let i be 50/(-35) + (-4)/7. Let c(r) = -5*r**2 + 10*r - 6. Let q(v) = -4*v**2 + 8*v - 6. Let g(s) = i*c(s) + 3*q(s). What is g(p)?
-22
Let j(i) = -i + 3. Let p be (9/5)/((-6)/(-30) + 0). Suppose 0 = -p*s + 14 + 31. Suppose 4*x + 3*c - 3 = -0, 2*c = -s*x + 9. Determine j(x).
0
Let o(p) = p**2 + 8*p - 151. Let c be o(9). Let z(l) = -3102*l + l**c + 1545*l - 8 + 1550*l. Let a = 16 - 9. Give z(a).
-8
Let a(z) be the first derivative of -z**5/40 + 3*z**4/8 + 152*z**3/3 + 101. Let o(i) be the third derivative of a(i). Calculate o(4).
-3
Let l(q) = q**3 + 6*q**2 + 4*q + 2. Let t = -366 + 594. Let k = t - 233. Calculate l(k).
7
Let z(i) = 19*i**3 + 2*i**2 - 5*i - 21. Let p be z(-3). Let q = 485 + p. Let a(v) = v**2 + 18*v + 21. Determine a(q).
-11
Let r(y) = -7*y + 212. Suppose 23041*o = 22990*o + 1377. Determine r(o).
23
Suppose -25*h + 258 = -68*h. Let x(v) = -15*v - 92. Let r be x(h). Let n(w) be the third derivative of -w**5/30 - w**4/8 - w**3/6 + w**2. Calculate n(r).
-3
Let u = -444 - -450. Let x(w) = -u*w**2 - 16 + 21 - w**2 - w**3 - 11*w. Give x(-5).
10
Let r(u) = -8*u + 131. Let a(s) = 3*s - 35. Let l(q) = -3*a(q) - r(q). What is l(11)?
-37
Let v be 1/(10/11 + -1). Let d(q) = -q**2 - 13*q - 15. Let l be d(v). Let g(j) = 3*j - 20. Determine g(l).
1
Let k = 9703 - 9701. Let x(q) be the first derivative of 0*q - k*q**2 + 25 + 1/3*q**3. Calculate x(